{"id":3,"date":"2024-08-30T11:44:45","date_gmt":"2024-08-30T11:44:45","guid":{"rendered":"http:\/\/www.derskolay.com\/?page_id=3"},"modified":"2024-09-03T19:15:24","modified_gmt":"2024-09-03T19:15:24","slug":"privacy-policy","status":"publish","type":"page","link":"https:\/\/derskolay.com\/blog\/privacy-policy\/","title":{"rendered":"Gizlilik Politikas\u0131"},"content":{"rendered":"\n<p><strong>G\u0130ZL\u0130L\u0130K\u00a0S\u00d6ZLE\u015eMES\u0130<\/strong><\/p>\n\n\n\n<p><strong>K\u0130\u015e\u0130SEL<\/strong><strong>&nbsp;<\/strong><strong>VER\u0130LER\u0130N<\/strong><strong>&nbsp;<\/strong><strong>KORUNMASI<\/strong><strong>&nbsp;<\/strong><strong>KANUNU(6698<\/strong><strong>&nbsp;<\/strong><strong>S.K.)<\/strong><strong>&nbsp;<\/strong><strong>KAPSAMI<\/strong><strong>&nbsp;<\/strong><strong>VE<\/strong><strong>&nbsp;<\/strong><strong>GENEL G\u0130ZL\u0130L\u0130K S\u00d6ZLE\u015eMES\u0130<\/strong><\/p>\n\n\n\n<p><strong>1-&nbsp;<\/strong><strong>TARAFLAR<\/strong><\/p>\n\n\n\n<p>Bir tarafta&nbsp;Ders Kolay E\u011fitim Dan\u0131\u015fmanl\u0131k Sanayi ve Ticaret Limited \u015eirketi(bu s\u00f6zle\u015fmede k\u0131saca \u201cArac\u0131 Hizmet Sa\u011flay\u0131c\u0131&nbsp;\u201d olarak an\u0131lacakt\u0131r.)<\/p>\n\n\n\n<p>Di\u011fer tarafta, veri payla\u015f\u0131lan, m\u00fc\u015fteriler,&nbsp;S\u00fcr\u00fcc\u00fc hizmetini do\u011frudan veren ger\u00e7ek ya da t\u00fczel ki\u015filer&nbsp;(bu s\u00f6zle\u015fmede k\u0131saca \u201cHizmet Sa\u011flay\u0131c\u0131\u201d olarak an\u0131lacakt\u0131r.) aralar\u0131nda a\u015fa\u011f\u0131daki ko\u015fullarda anla\u015fm\u0131\u015flard\u0131r.<\/p>\n\n\n\n<p><strong>2-&nbsp;<\/strong><strong>S\u00d6ZLE\u015eMEN\u0130N<\/strong><strong>&nbsp;<\/strong><strong>KONUSU<\/strong><\/p>\n\n\n\n<p>Taraflar&nbsp;aras\u0131ndan&nbsp;akdedilen yaz\u0131l\u0131&nbsp;veya&nbsp;s\u00f6zl\u00fc&nbsp;hizmet s\u00f6zle\u015fmesinin&nbsp;(bundan&nbsp;b\u00f6yle&nbsp;\u201cH\u0130ZMET S\u00d6ZLE\u015eMES\u0130\u201d olarak an\u0131lacakt\u0131r.) eki niteli\u011findeki i\u015fbu s\u00f6zle\u015fmenin konusu, hizmet s\u00f6zle\u015fmesi kapsam\u0131nda&nbsp;hizmet sa\u011flay\u0131c\u0131&nbsp;ve di\u011ferleri taraf\u0131ndan y\u00fcr\u00fct\u00fclen \u00e7al\u0131\u015fmalar ile ilgili olarak&nbsp;hizmet sa\u011flay\u0131c\u0131&nbsp;ve di\u011ferlerine i\u015fveren (Veri Sorumlusu) taraf\u0131ndan verilen bilgi ve belgelerin arac\u0131 hizmet sa\u011flay\u0131c\u0131 \u015firketin&nbsp;onay\u0131 veya&nbsp;hizmet sa\u011flay\u0131c\u0131&nbsp;ve&nbsp;<a><\/a>di\u011ferlerinin a\u00e7\u0131k r\u0131za beyan\u0131 olmaks\u0131z\u0131n ki\u015fisel verilerin, \u00f6zel nitelikli ki\u015fisel verilerin ve genel verilerin herhangi bir \u00fc\u00e7\u00fcnc\u00fc ger\u00e7ek ve\/veya t\u00fczel ki\u015fiye a\u00e7\u0131klanmas\u0131n\u0131n, eri\u015fmesinin, verilmesinin, s\u0131zd\u0131r\u0131lmas\u0131n\u0131n \u00f6n\u00fcne ge\u00e7ecek olan gizlili\u011fin s\u0131n\u0131rlar\u0131n\u0131n ve ko\u015fullar\u0131n\u0131n belirlenmesidir.<\/p>\n\n\n\n<p><strong>3-&nbsp;<\/strong><strong>G\u0130ZL\u0130<\/strong><strong>&nbsp;<\/strong><strong>B\u0130LG\u0130N\u0130N<\/strong><strong>&nbsp;<\/strong><strong>TANIMI<\/strong><\/p>\n\n\n\n<p>Ki\u015fisel Verilerin Korunmas\u0131 Kanunu kapsam\u0131nda tan\u0131m\u0131n\u0131 bulan ki\u015fiye ait bilgiler ile Kimli\u011fi belirli veya belirlenebilir ger\u00e7ek ki\u015fiye ili\u015fkin her t\u00fcrl\u00fc bilgi, Kimli\u011fi belirli veya belirlenebilir ger\u00e7ek ki\u015fiye ili\u015fkin her t\u00fcrl\u00fc sa\u011fl\u0131k bilgisi, Ki\u015filerin \u0131rk\u0131, etnik k\u00f6keni, siyasi d\u00fc\u015f\u00fcncesi, felsefi inanc\u0131, dini, mezhebi veya di\u011fer inan\u00e7lar\u0131, k\u0131l\u0131k ve k\u0131yafeti, dernek, vak\u0131f ya da sendika \u00fcyeli\u011fi, sa\u011fl\u0131\u011f\u0131, cinsel hayat\u0131, ceza mahk\u00fbmiyeti ve g\u00fcvenlik tedbirleriyle ilgili verileri ile biyometrik ve genetik veriler.<\/p>\n\n\n\n<p>Hizmet s\u00f6zle\u015fmesinde tan\u0131mlanan i\u015fler\/g\u00f6revler\/hizmetler esnas\u0131nda i\u015fveren taraf\u0131ndan i\u015f\u00e7iye a\u00e7\u0131klanan fikir, proje, uzmanl\u0131k bilgileri, tasar\u0131m, bulu\u015f, i\u015f metodu ve patent, telif&nbsp;hakk\u0131, marka, ticari s\u0131r, know how ya da di\u011fer yasal korunmaya konu olan ya da olmayan her t\u00fcrl\u00fc yenilik ve \u00e7al\u0131\u015fma esnas\u0131nda \u00f6\u011frenilecek yaz\u0131l\u0131 veya s\u00f6zl\u00fc t\u00fcm ticari, mali, teknik&nbsp;bilgiler ve ileti\u015fim y\u00f6ntemleri gizli bilgi olarak kabul edilir.<\/p>\n\n\n\n<p><strong>4-&nbsp;<\/strong><strong>TARAFLARIN<\/strong><strong>&nbsp;<\/strong><strong>Y\u00dcK\u00dcML\u00dcL\u00dcKLER\u0130<\/strong><\/p>\n\n\n\n<p>4.1.&nbsp;Arac\u0131 hizmet sa\u011flay\u0131c\u0131 , hizmet sa\u011flay\u0131c\u0131 ile yap\u0131lan s\u00f6zle\u015fme kapsam\u0131nda&nbsp;kapsam\u0131nda&nbsp;hizmet sa\u011flay\u0131c\u0131ya ,tam&nbsp;ve&nbsp;eksiksiz&nbsp;olarak&nbsp;yerine getirebilmesi ve gerekli her t\u00fcrl\u00fc bilgi ve belgeyi i\u015f\u00e7iye vermeyi taahh\u00fct eder.<\/p>\n\n\n\n<p>4.2.&nbsp;Arac\u0131 Hizmet Sa\u011flay\u0131c\u0131 tedarik\u00e7ilerine ve&nbsp;di\u011ferlerine a\u00e7\u0131klanan gizli bilgilerin eksik ya da hatal\u0131 olmas\u0131 sebebiyle ortaya \u00e7\u0131kabilecek olan eksiklik, gecikme veya aksakl\u0131klardan dolay\u0131 i\u015f\u00e7inin sorumlu tutulamayaca\u011f\u0131n\u0131 kabul ve taahh\u00fct eder.<\/p>\n\n\n\n<p>4.3Hizmet sa\u011flay\u0131c\u0131 , arac\u0131 hizmet sa\u011flay\u0131c\u0131 \u015firket&nbsp;taraf\u0131ndan kendisine a\u00e7\u0131klanan bilgi ve belgelerin gizli&nbsp;oldu\u011funu&nbsp;bildi\u011fini&nbsp;ve&nbsp;bu&nbsp;nedenle&nbsp;s\u00f6z&nbsp;konusu&nbsp;gizli&nbsp;bilgileri&nbsp;sadece&nbsp;kendisininbilece\u011fini&nbsp;ve&nbsp;i\u015fin yerine getirilmesi a\u015famas\u0131nda katk\u0131da bulunmas\u0131 muhtemel \u00fc\u00e7\u00fcnc\u00fc ki\u015fi, kurum ya da kurulu\u015flar\u0131n gizli bilgilerden sadece i\u015fin gere\u011fi kadar haberdar olacaklar\u0131n\u0131, i\u015fbu bilgi ve belgelerin hi\u00e7bir \u015fekilde i\u015fverenin izni olmaks\u0131z\u0131n \u00fc\u00e7\u00fcnc\u00fc ger\u00e7ek ve\/veya t\u00fczel ki\u015fi ve kurulu\u015flara \u00e7al\u0131\u015fma ama\u00e7lar\u0131 d\u0131\u015f\u0131nda a\u00e7\u0131klanmayaca\u011f\u0131n\u0131 kabul ve taahh\u00fct eder.<\/p>\n\n\n\n<p><a>1<\/a><\/p>\n\n\n\n<p>4.4.&nbsp;Hizmet sa\u011flay\u0131c\u0131&nbsp;ve di\u011ferleri i\u015fin yerine getirilmesi a\u015famas\u0131nda katk\u0131da bulunmas\u0131 muhtemel \u00fc\u00e7\u00fcnc\u00fc ki\u015fi, kurum ya da kurulu\u015flar\u0131n i\u015fbu s\u00f6zle\u015fmede \u00f6ng\u00f6r\u00fclen gizlilik ilkelerine ayk\u0131r\u0131 davran\u0131\u015flar\u0131ndan dolay\u0131 sorumlu olaca\u011f\u0131n\u0131, s\u00f6z konusu \u00fc\u00e7\u00fcnc\u00fc ki\u015fi, kurum ya da kurulu\u015flar\u0131n gizlilik ilkelerine riayet edece\u011fini, ayk\u0131r\u0131l\u0131k hallerinden haberdar oldu\u011fu takdirde,&nbsp;derhal ve yaz\u0131l\u0131 olarak arac\u0131 hizmet sa\u011flay\u0131c\u0131 firmaya&nbsp;s\u00f6z konusu ayk\u0131r\u0131l\u0131k durumunu bildirece\u011fini kabul ve taahh\u00fct eder.<\/p>\n\n\n\n<p>4.5.&nbsp;Gizli&nbsp;bilgilerin&nbsp;ve&nbsp;ki\u015fisel&nbsp;verilerin&nbsp;i\u015fbu&nbsp;s\u00f6zle\u015fmeye&nbsp;ayk\u0131r\u0131&nbsp;olarak&nbsp;a\u00e7\u0131klanmas\u0131,&nbsp;eri\u015filmesine imkan sa\u011flanmas\u0131, s\u0131zd\u0131r\u0131lmas\u0131 veya benzeri davran\u0131\u015flarla bilgilerin ele ge\u00e7irilmesine&nbsp;ortam sa\u011flanmas\u0131 halinde arac\u0131 hizmet sa\u011flay\u0131c\u0131 , masraflar\u0131 hizmet sa\u011flay\u0131c\u0131 firmalara&nbsp;ait olmak kayd\u0131yla t\u00fcm yasal yollara ba\u015fvurma ve u\u011frad\u0131\u011f\u0131 her t\u00fcrl\u00fc zarar\u0131n giderimini&nbsp;hizmet sa\u011flay\u0131c\u0131 firma&nbsp;ve di\u011ferlerinden talep etme hakk\u0131na sahiptir.<\/p>\n\n\n\n<p><strong>5-&nbsp;<\/strong><strong>S\u00dcRE<\/strong><\/p>\n\n\n\n<p>5.1.&nbsp;Hizmet s\u00f6zle\u015fmesinin eki niteli\u011findeki i\u015fbu s\u00f6zle\u015fme, taraflarca imzaland\u0131\u011f\u0131 tarihte y\u00fcr\u00fcrl\u00fc\u011fe girecek olup, i\u015fbu s\u00f6zle\u015fmeden do\u011fan y\u00fck\u00fcml\u00fcl\u00fckler hizmet s\u00f6zle\u015fmesinin ge\u00e7erlili\u011fini korudu\u011fu m\u00fcddet\u00e7e devam edecektir.<\/p>\n\n\n\n<p>5.2.&nbsp;Hizmet&nbsp;s\u00f6zle\u015fmesinin&nbsp;sona&nbsp;ermesi&nbsp;halinde&nbsp;dahi&nbsp;i\u015fbu&nbsp;s\u00f6zle\u015fme,&nbsp;hizmet&nbsp;s\u00f6zle\u015fmesinin&nbsp;sona erme tarihinden itibaren i\u015fletmeye ve \u00fcr\u00fcnlere ait bilgiler ile ki\u015fisel verilerin anonim hale getirilmi\u015f olanlar\u0131 ve i\u015fverenli\u011fin izni olan bilgiler hari\u00e7 ve ki\u015fisel veri sahibinin r\u0131zas\u0131 hari\u00e7 ki\u015fisel verilerin s\u00fcresiz olarak gizlili\u011fi ve korunmas\u0131 olarak ge\u00e7erlili\u011fini koruyacakt\u0131r.<\/p>\n\n\n\n<p><strong>6-&nbsp;<\/strong><strong>S\u00d6ZLE\u015eME<\/strong><strong>&nbsp;<\/strong><strong>DE\u011e\u0130\u015e\u0130KL\u0130\u011e\u0130<\/strong><\/p>\n\n\n\n<p>\u0130\u015fbu s\u00f6zle\u015fme taraflarca daha \u00f6nce \u00f6zellikle gizlilik konusunda yap\u0131lm\u0131\u015f olabilecek yaz\u0131l\u0131 ve\/veya s\u00f6zl\u00fc t\u00fcm s\u00f6zle\u015fmelerin (burada say\u0131lmam\u0131\u015f bilgiler ve patent ve benzeri bulu\u015f s\u00f6zle\u015fmeleri hari\u00e7) yerine ge\u00e7er. S\u00f6zle\u015fme de\u011fi\u015fiklikleri ancak yaz\u0131l\u0131 yap\u0131labilir.<\/p>\n\n\n\n<p><strong>7-&nbsp;<\/strong><strong>TEBL\u0130GAT<\/strong><\/p>\n\n\n\n<p>Taraflar\u0131n i\u015fbu s\u00f6zle\u015fmenin at\u0131fta bulundu\u011fu s\u00f6zle\u015fmelerde, belge ve metinlerde belirttikleri adresleri tebligata elveri\u015fli adresleri olup herhangi bir de\u011fi\u015fiklik kar\u015f\u0131 tarafa yaz\u0131l\u0131 olarak bildirilmemi\u015f bulunduk\u00e7a bu adreslere y\u00f6neltilecek tebligatlar hukuken ge\u00e7erli&nbsp;addolunacakt\u0131r.<\/p>\n\n\n\n<p><strong>8-&nbsp;<\/strong><strong>Y\u00dcR\u00dcRL\u00dcK<\/strong><\/p>\n\n\n\n<p>\u0130\u015fbu s\u00f6zle\u015fme 8 (sekiz) maddeden olu\u015fmakta olup taraflar aras\u0131nda d\u00fczenlenmi\u015f \u00f6zg\u00fcr iradeleriyle okunup kabul edilmi\u015ftir.<\/p>\n","protected":false},"excerpt":{"rendered":"<p>G\u0130ZL\u0130L\u0130K\u00a0S\u00d6ZLE\u015eMES\u0130 K\u0130\u015e\u0130SEL&nbsp;VER\u0130LER\u0130N&nbsp;KORUNMASI&nbsp;KANUNU(6698&nbsp;S.K.)&nbsp;KAPSAMI&nbsp;VE&nbsp;GENEL G\u0130ZL\u0130L\u0130K S\u00d6ZLE\u015eMES\u0130 1-&nbsp;TARAFLAR Bir tarafta&nbsp;Ders Kolay E\u011fitim Dan\u0131\u015fmanl\u0131k Sanayi ve Ticaret Limited \u015eirketi(bu s\u00f6zle\u015fmede k\u0131saca \u201cArac\u0131 Hizmet Sa\u011flay\u0131c\u0131&nbsp;\u201d olarak an\u0131lacakt\u0131r.) Di\u011fer tarafta, veri payla\u015f\u0131lan, m\u00fc\u015fteriler,&nbsp;S\u00fcr\u00fcc\u00fc hizmetini do\u011frudan veren ger\u00e7ek ya da t\u00fczel ki\u015filer&nbsp;(bu s\u00f6zle\u015fmede k\u0131saca \u201cHizmet Sa\u011flay\u0131c\u0131\u201d olarak an\u0131lacakt\u0131r.) aralar\u0131nda a\u015fa\u011f\u0131daki ko\u015fullarda anla\u015fm\u0131\u015flard\u0131r. 2-&nbsp;S\u00d6ZLE\u015eMEN\u0130N&nbsp;KONUSU Taraflar&nbsp;aras\u0131ndan&nbsp;akdedilen yaz\u0131l\u0131&nbsp;veya&nbsp;s\u00f6zl\u00fc&nbsp;hizmet s\u00f6zle\u015fmesinin&nbsp;(bundan&nbsp;b\u00f6yle&nbsp;\u201cH\u0130ZMET S\u00d6ZLE\u015eMES\u0130\u201d olarak an\u0131lacakt\u0131r.) eki niteli\u011findeki i\u015fbu [&hellip;]<\/p>\n","protected":false},"author":1,"featured_media":0,"parent":0,"menu_order":0,"comment_status":"closed","ping_status":"closed","template":"","meta":{"footnotes":""},"class_list":["post-3","page","type-page","status-publish","hentry"],"yoast_head":"<!-- This site is optimized with the Yoast SEO Premium plugin v23.5 (Yoast SEO v25.0) - https:\/\/yoast.com\/wordpress\/plugins\/seo\/ -->\n<title>Gizlilik Politikas\u0131 - Ders Kolay<\/title>\n<meta name=\"robots\" content=\"index, follow, max-snippet:-1, max-image-preview:large, max-video-preview:-1\" \/>\n<link rel=\"canonical\" href=\"https:\/\/derskolay.com\/blog\/privacy-policy\/\" \/>\n<meta property=\"og:locale\" content=\"tr_TR\" \/>\n<meta property=\"og:type\" content=\"article\" \/>\n<meta property=\"og:title\" content=\"Gizlilik Politikas\u0131\" \/>\n<meta property=\"og:description\" content=\"G\u0130ZL\u0130L\u0130K\u00a0S\u00d6ZLE\u015eMES\u0130 K\u0130\u015e\u0130SEL&nbsp;VER\u0130LER\u0130N&nbsp;KORUNMASI&nbsp;KANUNU(6698&nbsp;S.K.)&nbsp;KAPSAMI&nbsp;VE&nbsp;GENEL G\u0130ZL\u0130L\u0130K S\u00d6ZLE\u015eMES\u0130 1-&nbsp;TARAFLAR Bir tarafta&nbsp;Ders Kolay E\u011fitim Dan\u0131\u015fmanl\u0131k Sanayi ve Ticaret Limited \u015eirketi(bu s\u00f6zle\u015fmede k\u0131saca \u201cArac\u0131 Hizmet Sa\u011flay\u0131c\u0131&nbsp;\u201d olarak an\u0131lacakt\u0131r.) Di\u011fer tarafta, veri payla\u015f\u0131lan, m\u00fc\u015fteriler,&nbsp;S\u00fcr\u00fcc\u00fc hizmetini do\u011frudan veren ger\u00e7ek ya da t\u00fczel ki\u015filer&nbsp;(bu s\u00f6zle\u015fmede k\u0131saca \u201cHizmet Sa\u011flay\u0131c\u0131\u201d olarak an\u0131lacakt\u0131r.) aralar\u0131nda a\u015fa\u011f\u0131daki ko\u015fullarda anla\u015fm\u0131\u015flard\u0131r. 2-&nbsp;S\u00d6ZLE\u015eMEN\u0130N&nbsp;KONUSU Taraflar&nbsp;aras\u0131ndan&nbsp;akdedilen yaz\u0131l\u0131&nbsp;veya&nbsp;s\u00f6zl\u00fc&nbsp;hizmet s\u00f6zle\u015fmesinin&nbsp;(bundan&nbsp;b\u00f6yle&nbsp;\u201cH\u0130ZMET S\u00d6ZLE\u015eMES\u0130\u201d olarak an\u0131lacakt\u0131r.) eki niteli\u011findeki i\u015fbu [&hellip;]\" \/>\n<meta property=\"og:url\" content=\"https:\/\/derskolay.com\/blog\/privacy-policy\/\" \/>\n<meta property=\"og:site_name\" content=\"Ders Kolay\" \/>\n<meta property=\"article:modified_time\" content=\"2024-09-03T19:15:24+00:00\" \/>\n<meta name=\"twitter:card\" content=\"summary_large_image\" \/>\n<meta name=\"twitter:label1\" content=\"Tahmini okuma s\u00fcresi\" \/>\n\t<meta name=\"twitter:data1\" content=\"6 dakika\" \/>\n<script type=\"application\/ld+json\" class=\"yoast-schema-graph\">{\"@context\":\"https:\/\/schema.org\",\"@graph\":[{\"@type\":\"WebPage\",\"@id\":\"https:\/\/derskolay.com\/blog\/privacy-policy\/\",\"url\":\"https:\/\/derskolay.com\/blog\/privacy-policy\/\",\"name\":\"Gizlilik Politikas\u0131 - Ders Kolay\",\"isPartOf\":{\"@id\":\"https:\/\/derskolay.com\/blog\/#website\"},\"datePublished\":\"2024-08-30T11:44:45+00:00\",\"dateModified\":\"2024-09-03T19:15:24+00:00\",\"breadcrumb\":{\"@id\":\"https:\/\/derskolay.com\/blog\/privacy-policy\/#breadcrumb\"},\"inLanguage\":\"tr\",\"potentialAction\":[{\"@type\":\"ReadAction\",\"target\":[\"https:\/\/derskolay.com\/blog\/privacy-policy\/\"]}]},{\"@type\":\"BreadcrumbList\",\"@id\":\"https:\/\/derskolay.com\/blog\/privacy-policy\/#breadcrumb\",\"itemListElement\":[{\"@type\":\"ListItem\",\"position\":1,\"name\":\"Home\",\"item\":\"https:\/\/derskolay.com\/blog\/\"},{\"@type\":\"ListItem\",\"position\":2,\"name\":\"Gizlilik Politikas\u0131\"}]},{\"@type\":\"WebSite\",\"@id\":\"https:\/\/derskolay.com\/blog\/#website\",\"url\":\"https:\/\/derskolay.com\/blog\/\",\"name\":\"Ders Kolay\",\"description\":\"Ehliyetiniz c\u00fczdan\u0131n\u0131zda kalmas\u0131n!\",\"potentialAction\":[{\"@type\":\"SearchAction\",\"target\":{\"@type\":\"EntryPoint\",\"urlTemplate\":\"https:\/\/derskolay.com\/blog\/?s={search_term_string}\"},\"query-input\":{\"@type\":\"PropertyValueSpecification\",\"valueRequired\":true,\"valueName\":\"search_term_string\"}}],\"inLanguage\":\"tr\"}]}<\/script>\n<!-- \/ Yoast SEO Premium plugin. -->","yoast_head_json":{"title":"Gizlilik Politikas\u0131 - Ders Kolay","robots":{"index":"index","follow":"follow","max-snippet":"max-snippet:-1","max-image-preview":"max-image-preview:large","max-video-preview":"max-video-preview:-1"},"canonical":"https:\/\/derskolay.com\/blog\/privacy-policy\/","og_locale":"tr_TR","og_type":"article","og_title":"Gizlilik Politikas\u0131","og_description":"G\u0130ZL\u0130L\u0130K\u00a0S\u00d6ZLE\u015eMES\u0130 K\u0130\u015e\u0130SEL&nbsp;VER\u0130LER\u0130N&nbsp;KORUNMASI&nbsp;KANUNU(6698&nbsp;S.K.)&nbsp;KAPSAMI&nbsp;VE&nbsp;GENEL G\u0130ZL\u0130L\u0130K S\u00d6ZLE\u015eMES\u0130 1-&nbsp;TARAFLAR Bir tarafta&nbsp;Ders Kolay E\u011fitim Dan\u0131\u015fmanl\u0131k Sanayi ve Ticaret Limited \u015eirketi(bu s\u00f6zle\u015fmede k\u0131saca \u201cArac\u0131 Hizmet Sa\u011flay\u0131c\u0131&nbsp;\u201d olarak an\u0131lacakt\u0131r.) Di\u011fer tarafta, veri payla\u015f\u0131lan, m\u00fc\u015fteriler,&nbsp;S\u00fcr\u00fcc\u00fc hizmetini do\u011frudan veren ger\u00e7ek ya da t\u00fczel ki\u015filer&nbsp;(bu s\u00f6zle\u015fmede k\u0131saca \u201cHizmet Sa\u011flay\u0131c\u0131\u201d olarak an\u0131lacakt\u0131r.) aralar\u0131nda a\u015fa\u011f\u0131daki ko\u015fullarda anla\u015fm\u0131\u015flard\u0131r. 2-&nbsp;S\u00d6ZLE\u015eMEN\u0130N&nbsp;KONUSU Taraflar&nbsp;aras\u0131ndan&nbsp;akdedilen yaz\u0131l\u0131&nbsp;veya&nbsp;s\u00f6zl\u00fc&nbsp;hizmet s\u00f6zle\u015fmesinin&nbsp;(bundan&nbsp;b\u00f6yle&nbsp;\u201cH\u0130ZMET S\u00d6ZLE\u015eMES\u0130\u201d olarak an\u0131lacakt\u0131r.) eki niteli\u011findeki i\u015fbu [&hellip;]","og_url":"https:\/\/derskolay.com\/blog\/privacy-policy\/","og_site_name":"Ders Kolay","article_modified_time":"2024-09-03T19:15:24+00:00","twitter_card":"summary_large_image","twitter_misc":{"Tahmini okuma s\u00fcresi":"6 dakika"},"schema":{"@context":"https:\/\/schema.org","@graph":[{"@type":"WebPage","@id":"https:\/\/derskolay.com\/blog\/privacy-policy\/","url":"https:\/\/derskolay.com\/blog\/privacy-policy\/","name":"Gizlilik Politikas\u0131 - Ders Kolay","isPartOf":{"@id":"https:\/\/derskolay.com\/blog\/#website"},"datePublished":"2024-08-30T11:44:45+00:00","dateModified":"2024-09-03T19:15:24+00:00","breadcrumb":{"@id":"https:\/\/derskolay.com\/blog\/privacy-policy\/#breadcrumb"},"inLanguage":"tr","potentialAction":[{"@type":"ReadAction","target":["https:\/\/derskolay.com\/blog\/privacy-policy\/"]}]},{"@type":"BreadcrumbList","@id":"https:\/\/derskolay.com\/blog\/privacy-policy\/#breadcrumb","itemListElement":[{"@type":"ListItem","position":1,"name":"Home","item":"https:\/\/derskolay.com\/blog\/"},{"@type":"ListItem","position":2,"name":"Gizlilik Politikas\u0131"}]},{"@type":"WebSite","@id":"https:\/\/derskolay.com\/blog\/#website","url":"https:\/\/derskolay.com\/blog\/","name":"Ders Kolay","description":"Ehliyetiniz c\u00fczdan\u0131n\u0131zda kalmas\u0131n!","potentialAction":[{"@type":"SearchAction","target":{"@type":"EntryPoint","urlTemplate":"https:\/\/derskolay.com\/blog\/?s={search_term_string}"},"query-input":{"@type":"PropertyValueSpecification","valueRequired":true,"valueName":"search_term_string"}}],"inLanguage":"tr"}]}},"_links":{"self":[{"href":"https:\/\/derskolay.com\/blog\/wp-json\/wp\/v2\/pages\/3","targetHints":{"allow":["GET"]}}],"collection":[{"href":"https:\/\/derskolay.com\/blog\/wp-json\/wp\/v2\/pages"}],"about":[{"href":"https:\/\/derskolay.com\/blog\/wp-json\/wp\/v2\/types\/page"}],"author":[{"embeddable":true,"href":"https:\/\/derskolay.com\/blog\/wp-json\/wp\/v2\/users\/1"}],"replies":[{"embeddable":true,"href":"https:\/\/derskolay.com\/blog\/wp-json\/wp\/v2\/comments?post=3"}],"version-history":[{"count":2,"href":"https:\/\/derskolay.com\/blog\/wp-json\/wp\/v2\/pages\/3\/revisions"}],"predecessor-version":[{"id":28,"href":"https:\/\/derskolay.com\/blog\/wp-json\/wp\/v2\/pages\/3\/revisions\/28"}],"wp:attachment":[{"href":"https:\/\/derskolay.com\/blog\/wp-json\/wp\/v2\/media?parent=3"}],"curies":[{"name":"wp","href":"https:\/\/api.w.org\/{rel}","templated":true}]}}